{"id":777,"date":"2016-01-17T20:36:10","date_gmt":"2016-01-17T18:36:10","guid":{"rendered":"http:\/\/www.photoaddiction.fr\/blog\/?page_id=777"},"modified":"2016-01-24T07:01:06","modified_gmt":"2016-01-24T05:01:06","slug":"test-du-livre-photo-blurb","status":"publish","type":"page","link":"http:\/\/www.photoaddiction.fr\/blog\/test-du-livre-photo-blurb\/","title":{"rendered":"Test du Livre photo Blurb"},"content":{"rendered":"<h2>Livre Carr\u00e9<\/h2>\n<p>Page perl\u00e9<br \/>\nCouverture cartonn\u00e9e<br \/>\n142 Pages<\/p>\n<p>Le logiciel:<br \/>\nj&rsquo;utilise Smartbook depuis quelques ann\u00e9es et je m&rsquo;en porte pas plus mal. J&rsquo;utilise Corel quand il y a des choses plus chiad\u00e9es \u00e0 faire.<br \/>\nj&rsquo;ai essay\u00e9 leur bookwright je n&rsquo;ai pas aim\u00e9<br \/>\nle logiciel en ligne, trop lent.<br \/>\nlightroom trop limit\u00e9<br \/>\nplug in pour indesign d&rsquo;adobe. pas essay\u00e9 !<\/p>\n<p>donc outil de mise en page, minimaliste mais suffisant, toutefois bien en dessous de celui de chez Saal digital.<\/p>\n<p>Command\u00e9 le 01 Janvier 2016 et re\u00e7u le 11 janvier 2016.<br \/>\nEmballage cartonn\u00e9 solide, pas de protection du livre \u00e0 l&rsquo;int\u00e9rieur \u00e0 part un cellophane l&rsquo;enrobant.<\/p>\n<p><a href=\"http:\/\/www.photoaddiction.fr\/blog\/wp-content\/uploads\/2016\/01\/20160111_110853.jpg\"><img loading=\"lazy\" class=\"aligncenter size-large wp-image-732\" src=\"http:\/\/www.photoaddiction.fr\/blog\/wp-content\/uploads\/2016\/01\/20160111_110853-1024x576.jpg\" alt=\"emballage blurb\" width=\"720\" height=\"405\" srcset=\"http:\/\/www.photoaddiction.fr\/blog\/wp-content\/uploads\/2016\/01\/20160111_110853-1024x576.jpg 1024w, http:\/\/www.photoaddiction.fr\/blog\/wp-content\/uploads\/2016\/01\/20160111_110853-800x450.jpg 800w\" sizes=\"(max-width: 720px) 100vw, 720px\" \/><\/a><\/p>\n<figure id=\"attachment_733\" aria-describedby=\"caption-attachment-733\" style=\"width: 720px\" class=\"wp-caption aligncenter\"><a href=\"http:\/\/www.photoaddiction.fr\/blog\/wp-content\/uploads\/2016\/01\/20160111_110941.jpg\"><img loading=\"lazy\" class=\"size-large wp-image-733\" src=\"http:\/\/www.photoaddiction.fr\/blog\/wp-content\/uploads\/2016\/01\/20160111_110941-1024x576.jpg\" alt=\"emballage blurb\" width=\"720\" height=\"405\" srcset=\"http:\/\/www.photoaddiction.fr\/blog\/wp-content\/uploads\/2016\/01\/20160111_110941-1024x576.jpg 1024w, http:\/\/www.photoaddiction.fr\/blog\/wp-content\/uploads\/2016\/01\/20160111_110941-800x450.jpg 800w\" sizes=\"(max-width: 720px) 100vw, 720px\" \/><\/a><figcaption id=\"caption-attachment-733\" class=\"wp-caption-text\">emballage blurb<\/figcaption><\/figure>\n<p>&nbsp;<\/p>\n<p><a href=\"http:\/\/www.photoaddiction.fr\/blog\/wp-content\/uploads\/2016\/01\/20160111_111059.jpg\"><img loading=\"lazy\" class=\"aligncenter size-large wp-image-735\" src=\"http:\/\/www.photoaddiction.fr\/blog\/wp-content\/uploads\/2016\/01\/20160111_111059-1024x576.jpg\" alt=\"emballage blurb\" width=\"720\" height=\"405\" srcset=\"http:\/\/www.photoaddiction.fr\/blog\/wp-content\/uploads\/2016\/01\/20160111_111059-1024x576.jpg 1024w, http:\/\/www.photoaddiction.fr\/blog\/wp-content\/uploads\/2016\/01\/20160111_111059-800x450.jpg 800w\" sizes=\"(max-width: 720px) 100vw, 720px\" \/><\/a><br \/>\nLes couleurs sont respectueuses de l&rsquo;original, la qualit\u00e9 des photos est excellente. Le papier doux et solide.<\/p>\n<p><a href=\"http:\/\/www.photoaddiction.fr\/blog\/wp-content\/uploads\/2016\/01\/20160111_111632.jpg\"><img loading=\"lazy\" class=\"aligncenter size-large wp-image-738\" src=\"http:\/\/www.photoaddiction.fr\/blog\/wp-content\/uploads\/2016\/01\/20160111_111632-1024x576.jpg\" alt=\"20160111_111632\" width=\"720\" height=\"405\" srcset=\"http:\/\/www.photoaddiction.fr\/blog\/wp-content\/uploads\/2016\/01\/20160111_111632-1024x576.jpg 1024w, http:\/\/www.photoaddiction.fr\/blog\/wp-content\/uploads\/2016\/01\/20160111_111632-800x450.jpg 800w\" sizes=\"(max-width: 720px) 100vw, 720px\" \/><\/a><\/p>\n<p>&nbsp;<\/p>\n<p>Malheureusement le livre ne s&rsquo;ouvre pas \u00e0 plat comme celui de Saal Digital ce qui est un peu emb\u00eatant pour les doubles pages et fait que je vais certainement ne plus \u00e9diter de livre chez eux, vu qu&rsquo;il y a mieux ailleurs.<\/p>\n<p><a href=\"http:\/\/www.photoaddiction.fr\/blog\/wp-content\/uploads\/2016\/01\/20160111_111444.jpg\"><img loading=\"lazy\" class=\"aligncenter size-large wp-image-737\" src=\"http:\/\/www.photoaddiction.fr\/blog\/wp-content\/uploads\/2016\/01\/20160111_111444-1024x576.jpg\" alt=\"20160111_111444\" width=\"720\" height=\"405\" srcset=\"http:\/\/www.photoaddiction.fr\/blog\/wp-content\/uploads\/2016\/01\/20160111_111444-1024x576.jpg 1024w, http:\/\/www.photoaddiction.fr\/blog\/wp-content\/uploads\/2016\/01\/20160111_111444-800x450.jpg 800w\" sizes=\"(max-width: 720px) 100vw, 720px\" \/><\/a><\/p>\n<p>\u00e0 l&rsquo;inverse le livre fait 142 pages et peut faire plus de 400 pages ce qui est impossible chez les autres.<\/p>\n<p><a href=\"http:\/\/www.photoaddiction.fr\/blog\/wp-content\/uploads\/2016\/01\/20160111_111358.jpg\"><img loading=\"lazy\" class=\"aligncenter size-large wp-image-736\" src=\"http:\/\/www.photoaddiction.fr\/blog\/wp-content\/uploads\/2016\/01\/20160111_111358-1024x576.jpg\" alt=\"20160111_111358\" width=\"720\" height=\"405\" srcset=\"http:\/\/www.photoaddiction.fr\/blog\/wp-content\/uploads\/2016\/01\/20160111_111358-1024x576.jpg 1024w, http:\/\/www.photoaddiction.fr\/blog\/wp-content\/uploads\/2016\/01\/20160111_111358-800x450.jpg 800w\" sizes=\"(max-width: 720px) 100vw, 720px\" \/><\/a><\/p>\n<p>Le tarif , 141, 67 \u20ac pour 142 pages, je rappelle Papier ProLine Photo Perl\u00e9. Il y a souvent des r\u00e9duction cherchez bien!<\/p>\n<h2>Le bon<\/h2>\n<p>Nombre de pages cons\u00e9quent (440 pages)<br \/>\ntarifs comp\u00e9titifs et coupons facilement trouvables.<br \/>\nBonne qualit\u00e9 et respect des photos<br \/>\nemballage correct<\/p>\n<p>celui ci a une page de garde vierge au d\u00e9but du livre.<\/p>\n<h2>le moins bon<\/h2>\n<p>Pas d&rsquo;ouverture \u00e0 plat !<br \/>\nlogiciel perfectible et limit\u00e9<br \/>\nlivraison pas aussi rapide que les autres.<\/p>\n","protected":false},"excerpt":{"rendered":"<p>Livre Carr\u00e9 Page perl\u00e9 Couverture cartonn\u00e9e 142 Pages Le logiciel: j&rsquo;utilise Smartbook depuis quelques ann\u00e9es et je m&rsquo;en porte pas plus mal. J&rsquo;utilise&#8230;<\/p>\n","protected":false},"author":1,"featured_media":0,"parent":0,"menu_order":0,"comment_status":"open","ping_status":"closed","template":"","meta":[],"_links":{"self":[{"href":"http:\/\/www.photoaddiction.fr\/blog\/wp-json\/wp\/v2\/pages\/777"}],"collection":[{"href":"http:\/\/www.photoaddiction.fr\/blog\/wp-json\/wp\/v2\/pages"}],"about":[{"href":"http:\/\/www.photoaddiction.fr\/blog\/wp-json\/wp\/v2\/types\/page"}],"author":[{"embeddable":true,"href":"http:\/\/www.photoaddiction.fr\/blog\/wp-json\/wp\/v2\/users\/1"}],"replies":[{"embeddable":true,"href":"http:\/\/www.photoaddiction.fr\/blog\/wp-json\/wp\/v2\/comments?post=777"}],"version-history":[{"count":1,"href":"http:\/\/www.photoaddiction.fr\/blog\/wp-json\/wp\/v2\/pages\/777\/revisions"}],"predecessor-version":[{"id":778,"href":"http:\/\/www.photoaddiction.fr\/blog\/wp-json\/wp\/v2\/pages\/777\/revisions\/778"}],"wp:attachment":[{"href":"http:\/\/www.photoaddiction.fr\/blog\/wp-json\/wp\/v2\/media?parent=777"}],"curies":[{"name":"wp","href":"https:\/\/api.w.org\/{rel}","templated":true}]}}